{"id":50,"date":"2026-02-10T10:42:01","date_gmt":"2026-02-10T09:42:01","guid":{"rendered":"https:\/\/syndyk.opole.pl\/?page_id=50"},"modified":"2026-02-10T10:44:40","modified_gmt":"2026-02-10T09:44:40","slug":"kontakt","status":"publish","type":"page","link":"https:\/\/syndyk.opole.pl\/?page_id=50","title":{"rendered":"Kontakt"},"content":{"rendered":"\t\t<div data-elementor-type=\"wp-page\" data-elementor-id=\"50\" class=\"elementor elementor-50\">\n\t\t\t\t<div class=\"elementor-element elementor-element-269130a e-flex e-con-boxed e-con e-parent\" data-id=\"269130a\" data-element_type=\"container\" data-e-type=\"container\">\n\t\t\t\t\t<div class=\"e-con-inner\">\n\t\t\t\t<div class=\"elementor-element elementor-element-8421b0f elementor-widget elementor-widget-text-editor\" data-id=\"8421b0f\" data-element_type=\"widget\" data-e-type=\"widget\" data-widget_type=\"text-editor.default\">\n\t\t\t\t\t\t\t\t\t<p>Masz pytania dotycz\u0105ce restrukturyzacji, upad\u0142o\u015bci lub og\u0142osze\u0144 sprzeda\u017cy prowadzonych post\u0119powa\u0144? Skontaktuj si\u0119 z nami \u2014 odpowiemy mo\u017cliwie szybko i podpowiemy, jakie informacje b\u0119d\u0105 potrzebne na start.<\/p>\t\t\t\t\t\t\t\t<\/div>\n\t\t\t\t\t<\/div>\n\t\t\t\t<\/div>\n\t\t<div class=\"elementor-element elementor-element-bcc733b e-flex e-con-boxed e-con e-parent\" data-id=\"bcc733b\" data-element_type=\"container\" data-e-type=\"container\">\n\t\t\t\t\t<div class=\"e-con-inner\">\n\t\t\t\t<div class=\"elementor-element elementor-element-1ed652a elementor-widget elementor-widget-text-editor\" data-id=\"1ed652a\" data-element_type=\"widget\" data-e-type=\"widget\" data-widget_type=\"text-editor.default\">\n\t\t\t\t\t\t\t\t\t<h2 data-start=\"224\" data-end=\"242\">Dane kontaktowe<\/h2><p data-start=\"243\" data-end=\"389\"><strong data-start=\"243\" data-end=\"289\">Biuro doradcy restrukturyzacyjnego \u2013 Opole<\/strong><\/p><p data-start=\"243\" data-end=\"389\"><strong data-start=\"292\" data-end=\"302\">Adres: ul. \u015awiatowida 2 p.20, 45-325 Opole<\/strong><\/p>\t\t\t\t\t\t\t\t<\/div>\n\t\t\t\t\t<\/div>\n\t\t\t\t<\/div>\n\t\t<div class=\"elementor-element elementor-element-3b5f493 e-grid e-con-boxed e-con e-parent\" data-id=\"3b5f493\" data-element_type=\"container\" data-e-type=\"container\">\n\t\t\t\t\t<div class=\"e-con-inner\">\n\t\t\t\t<div class=\"elementor-element elementor-element-7050b13 elementor-widget elementor-widget-link-in-bio\" data-id=\"7050b13\" data-element_type=\"widget\" data-e-type=\"widget\" data-widget_type=\"link-in-bio.default\">\n\t\t\t\t<div class=\"elementor-widget-container\">\n\t\t\t\t\t\t\t<div class=\"e-link-in-bio e-link-in-bio\">\n\t\t\t<div class=\"e-link-in-bio__content\">\n\n\t\t\t\t\t\t<div class=\"e-link-in-bio__identity\">\n\t\t\t\t\t\t\t\t\t<div class=\"e-link-in-bio__identity-image e-link-in-bio__identity-image-profile has-style-circle\">\n\t\t\t\t\t\t\t<img fetchpriority=\"high\" decoding=\"async\" width=\"233\" height=\"300\" src=\"https:\/\/syndyk.opole.pl\/wp-content\/uploads\/2026\/02\/Paszport-PL-Legitymacja-szkolna-35x45-mm-233x300.jpg\" class=\"e-link-in-bio__identity-image-element\" alt=\"\" srcset=\"https:\/\/syndyk.opole.pl\/wp-content\/uploads\/2026\/02\/Paszport-PL-Legitymacja-szkolna-35x45-mm-233x300.jpg 233w, https:\/\/syndyk.opole.pl\/wp-content\/uploads\/2026\/02\/Paszport-PL-Legitymacja-szkolna-35x45-mm-600x772.jpg 600w, https:\/\/syndyk.opole.pl\/wp-content\/uploads\/2026\/02\/Paszport-PL-Legitymacja-szkolna-35x45-mm-796x1024.jpg 796w, https:\/\/syndyk.opole.pl\/wp-content\/uploads\/2026\/02\/Paszport-PL-Legitymacja-szkolna-35x45-mm-768x988.jpg 768w, https:\/\/syndyk.opole.pl\/wp-content\/uploads\/2026\/02\/Paszport-PL-Legitymacja-szkolna-35x45-mm.jpg 811w\" sizes=\"(max-width: 233px) 100vw, 233px\" \/>\t\t\t\t\t\t\t\t\t\t\t\t\t<\/div>\n\t\t\t\t\t\t\t<\/div>\n\t\t\t\t\t<div class=\"e-link-in-bio__bio\">\n\t\t\t\t<h2 class=\"e-link-in-bio__heading\">Marcin Wr\u00f3bel<\/h2>\t\t\t\t<h3 class=\"e-link-in-bio__title\">Doradca restrukturyzacyjny<\/h3>\t\t\t\t\t\t\t\t<p class=\"e-link-in-bio__description\">E-mail: m.wrobel@syndyk.opole.pl\nTelefon: 692869248<\/p>\t\t\t<\/div>\n\t\t\t\t\t<div class=\"e-link-in-bio__icons has-size-small\">\n\t\t\t\t\t\t\t<div class=\"e-link-in-bio__icon is-size-small\">\n\t\t\t\t\t<a href=\"http:\/\/www.linkedin.com\/in\/marcin-wr\u00f3bel-b4732a258\" target=\"_blank\" rel=\"noopener \" aria-label=\"LinkedIn\" class=\"e-link-in-bio__icon-link\">\n\t\t\t\t\t\t<span class=\"e-link-in-bio__icon-svg\">\n\t\t\t\t\t\t\t<svg aria-hidden=\"true\" class=\"e-font-icon-svg e-fab-linkedin-in\" viewBox=\"0 0 448 512\" xmlns=\"http:\/\/www.w3.org\/2000\/svg\"><path d=\"M100.28 448H7.4V148.9h92.88zM53.79 108.1C24.09 108.1 0 83.5 0 53.8a53.79 53.79 0 0 1 107.58 0c0 29.7-24.1 54.3-53.79 54.3zM447.9 448h-92.68V302.4c0-34.7-.7-79.2-48.29-79.2-48.29 0-55.69 37.7-55.69 76.7V448h-92.78V148.9h89.08v40.8h1.3c12.4-23.5 42.69-48.3 87.88-48.3 94 0 111.28 61.9 111.28 142.3V448z\"><\/path><\/svg>\t\t\t\t\t\t<\/span>\n\t\t\t\t\t\t\t\t\t\t\t<\/a>\n\t\t\t\t<\/div>\n\t\t\t\t\t\t\t<div class=\"e-link-in-bio__icon is-size-small\">\n\t\t\t\t\t<a aria-label=\"Telephone\" class=\"e-link-in-bio__icon-link\" href=\"tel:+48692869248\">\n\t\t\t\t\t\t<span class=\"e-link-in-bio__icon-svg\">\n\t\t\t\t\t\t\t<svg aria-hidden=\"true\" class=\"e-font-icon-svg e-fas-phone-alt\" viewBox=\"0 0 512 512\" xmlns=\"http:\/\/www.w3.org\/2000\/svg\"><path d=\"M497.39 361.8l-112-48a24 24 0 0 0-28 6.9l-49.6 60.6A370.66 370.66 0 0 1 130.6 204.11l60.6-49.6a23.94 23.94 0 0 0 6.9-28l-48-112A24.16 24.16 0 0 0 122.6.61l-104 24A24 24 0 0 0 0 48c0 256.5 207.9 464 464 464a24 24 0 0 0 23.4-18.6l24-104a24.29 24.29 0 0 0-14.01-27.6z\"><\/path><\/svg>\t\t\t\t\t\t<\/span>\n\t\t\t\t\t\t\t\t\t\t\t<\/a>\n\t\t\t\t<\/div>\n\t\t\t\t\t\t\t<div class=\"e-link-in-bio__icon is-size-small\">\n\t\t\t\t\t<a aria-label=\"Email\" class=\"e-link-in-bio__icon-link\" href=\"mailto:m.wrobel@syndyk.opole.pl\">\n\t\t\t\t\t\t<span class=\"e-link-in-bio__icon-svg\">\n\t\t\t\t\t\t\t<svg aria-hidden=\"true\" class=\"e-font-icon-svg e-fas-envelope\" viewBox=\"0 0 512 512\" xmlns=\"http:\/\/www.w3.org\/2000\/svg\"><path d=\"M502.3 190.8c3.9-3.1 9.7-.2 9.7 4.7V400c0 26.5-21.5 48-48 48H48c-26.5 0-48-21.5-48-48V195.6c0-5 5.7-7.8 9.7-4.7 22.4 17.4 52.1 39.5 154.1 113.6 21.1 15.4 56.7 47.8 92.2 47.6 35.7.3 72-32.8 92.3-47.6 102-74.1 131.6-96.3 154-113.7zM256 320c23.2.4 56.6-29.2 73.4-41.4 132.7-96.3 142.8-104.7 173.4-128.7 5.8-4.5 9.2-11.5 9.2-18.9v-19c0-26.5-21.5-48-48-48H48C21.5 64 0 85.5 0 112v19c0 7.4 3.4 14.3 9.2 18.9 30.6 23.9 40.7 32.4 173.4 128.7 16.8 12.2 50.2 41.8 73.4 41.4z\"><\/path><\/svg>\t\t\t\t\t\t<\/span>\n\t\t\t\t\t\t\t\t\t\t\t<\/a>\n\t\t\t\t<\/div>\n\t\t\t\t\t<\/div>\n\t\t\n\t\t<div class=\"e-link-in-bio__ctas has-type-button\">\n\t\t\t\t\t\t\t<a class=\"e-link-in-bio__cta is-type-button has-corners-rounded\" href=\"tel:+48692869248\">\n\t\t\t\t\t\t\t\t\t\t<span class=\"e-link-in-bio__cta-text\">\n\t\t\t\t\t\tZadzwo\u0144\t\t\t\t\t<\/span>\n\t\t\t\t<\/a>\n\t\t\t\t\t<\/div>\n\t\t\n\t\t\t<\/div>\n\t\t\t<div class=\"e-link-in-bio__bg\">\n\t\t\t\t<div class=\"e-link-in-bio__bg-overlay\"><\/div>\n\t\t\t<\/div>\n\t\t<\/div>\n\t\t\t\t\t\t<\/div>\n\t\t\t\t<\/div>\n\t\t\t\t<div class=\"elementor-element elementor-element-c8b4ca1 elementor-widget elementor-widget-link-in-bio\" data-id=\"c8b4ca1\" data-element_type=\"widget\" data-e-type=\"widget\" data-widget_type=\"link-in-bio.default\">\n\t\t\t\t<div class=\"elementor-widget-container\">\n\t\t\t\t\t\t\t<div class=\"e-link-in-bio e-link-in-bio\">\n\t\t\t<div class=\"e-link-in-bio__content\">\n\n\t\t\t\t\t\t<div class=\"e-link-in-bio__identity\">\n\t\t\t\t\t\t\t\t\t<div class=\"e-link-in-bio__identity-image e-link-in-bio__identity-image-profile has-style-circle\">\n\t\t\t\t\t\t\t\t\t\t\t\t\t\t\t<img decoding=\"async\" alt=\"\" class=\"e-link-in-bio__identity-image-element\" src=\"https:\/\/syndyk.opole.pl\/wp-content\/plugins\/elementor\/assets\/images\/placeholder.png\" \/>\n\n\t\t\t\t\t\t\t\t\t\t\t\t\t\t\t\t\t\t\t\t<\/div>\n\t\t\t\t\t\t\t<\/div>\n\t\t\t\t\t<div class=\"e-link-in-bio__bio\">\n\t\t\t\t<h2 class=\"e-link-in-bio__heading\">Reinhard Wr\u00f3bel<\/h2>\t\t\t\t<h3 class=\"e-link-in-bio__title\">Doradca restrukturyzacyjny\nBieg\u0142y s\u0105dowy<\/h3>\t\t\t\t\t\t\t\t<p class=\"e-link-in-bio__description\">E-mail: biuro@syndyk.opole.pl\nTelefon 604455500<\/p>\t\t\t<\/div>\n\t\t\t\t\t<div class=\"e-link-in-bio__icons has-size-small\">\n\t\t\t\t\t\t\t<div class=\"e-link-in-bio__icon is-size-small\">\n\t\t\t\t\t<a aria-label=\"Telephone\" class=\"e-link-in-bio__icon-link\" href=\"tel:+48604455500\">\n\t\t\t\t\t\t<span class=\"e-link-in-bio__icon-svg\">\n\t\t\t\t\t\t\t<svg aria-hidden=\"true\" class=\"e-font-icon-svg e-fas-phone-alt\" viewBox=\"0 0 512 512\" xmlns=\"http:\/\/www.w3.org\/2000\/svg\"><path d=\"M497.39 361.8l-112-48a24 24 0 0 0-28 6.9l-49.6 60.6A370.66 370.66 0 0 1 130.6 204.11l60.6-49.6a23.94 23.94 0 0 0 6.9-28l-48-112A24.16 24.16 0 0 0 122.6.61l-104 24A24 24 0 0 0 0 48c0 256.5 207.9 464 464 464a24 24 0 0 0 23.4-18.6l24-104a24.29 24.29 0 0 0-14.01-27.6z\"><\/path><\/svg>\t\t\t\t\t\t<\/span>\n\t\t\t\t\t\t\t\t\t\t\t<\/a>\n\t\t\t\t<\/div>\n\t\t\t\t\t\t\t<div class=\"e-link-in-bio__icon is-size-small\">\n\t\t\t\t\t<a aria-label=\"Email\" class=\"e-link-in-bio__icon-link\" href=\"mailto:biuro@syndyk.opole.pl\">\n\t\t\t\t\t\t<span class=\"e-link-in-bio__icon-svg\">\n\t\t\t\t\t\t\t<svg aria-hidden=\"true\" class=\"e-font-icon-svg e-fas-envelope\" viewBox=\"0 0 512 512\" xmlns=\"http:\/\/www.w3.org\/2000\/svg\"><path d=\"M502.3 190.8c3.9-3.1 9.7-.2 9.7 4.7V400c0 26.5-21.5 48-48 48H48c-26.5 0-48-21.5-48-48V195.6c0-5 5.7-7.8 9.7-4.7 22.4 17.4 52.1 39.5 154.1 113.6 21.1 15.4 56.7 47.8 92.2 47.6 35.7.3 72-32.8 92.3-47.6 102-74.1 131.6-96.3 154-113.7zM256 320c23.2.4 56.6-29.2 73.4-41.4 132.7-96.3 142.8-104.7 173.4-128.7 5.8-4.5 9.2-11.5 9.2-18.9v-19c0-26.5-21.5-48-48-48H48C21.5 64 0 85.5 0 112v19c0 7.4 3.4 14.3 9.2 18.9 30.6 23.9 40.7 32.4 173.4 128.7 16.8 12.2 50.2 41.8 73.4 41.4z\"><\/path><\/svg>\t\t\t\t\t\t<\/span>\n\t\t\t\t\t\t\t\t\t\t\t<\/a>\n\t\t\t\t<\/div>\n\t\t\t\t\t<\/div>\n\t\t\n\t\t<div class=\"e-link-in-bio__ctas has-type-button\">\n\t\t\t\t\t\t\t<a class=\"e-link-in-bio__cta is-type-button has-corners-rounded\" href=\"tel:+48604455500\">\n\t\t\t\t\t\t\t\t\t\t<span class=\"e-link-in-bio__cta-text\">\n\t\t\t\t\t\tZadzwo\u0144\t\t\t\t\t<\/span>\n\t\t\t\t<\/a>\n\t\t\t\t\t<\/div>\n\t\t\n\t\t\t<\/div>\n\t\t\t<div class=\"e-link-in-bio__bg\">\n\t\t\t\t<div class=\"e-link-in-bio__bg-overlay\"><\/div>\n\t\t\t<\/div>\n\t\t<\/div>\n\t\t\t\t\t\t<\/div>\n\t\t\t\t<\/div>\n\t\t\t\t\t<\/div>\n\t\t\t\t<\/div>\n\t\t\t\t<\/div>\n\t\t","protected":false},"excerpt":{"rendered":"<p>Masz pytania dotycz\u0105ce restrukturyzacji, upad\u0142o\u015bci lub og\u0142osze\u0144 sprzeda\u017cy prowadzonych post\u0119powa\u0144? Skontaktuj si\u0119 z nami \u2014 odpowiemy mo\u017cliwie szybko i podpowiemy, jakie informacje b\u0119d\u0105 potrzebne na start. Dane kontaktowe Biuro doradcy restrukturyzacyjnego \u2013 Opole Adres: ul. \u015awiatowida 2 p.20, 45-325 Opole Marcin Wr\u00f3bel Doradca restrukturyzacyjny E-mail: m.wrobel@syndyk.opole.pl Telefon: 692869248 Zadzwo\u0144 Reinhard Wr\u00f3bel Doradca restrukturyzacyjny Bieg\u0142y s\u0105dowy &hellip; <\/p>\n<p class=\"link-more\"><a href=\"https:\/\/syndyk.opole.pl\/?page_id=50\" class=\"more-link\">Continue reading<span class=\"screen-reader-text\"> &#8220;Kontakt&#8221;<\/span><\/a><\/p>\n","protected":false},"author":1,"featured_media":0,"parent":0,"menu_order":0,"comment_status":"closed","ping_status":"closed","template":"","meta":{"footnotes":""},"class_list":["post-50","page","type-page","status-publish","hentry"],"yoast_head":"<!-- This site is optimized with the Yoast SEO plugin v26.9 - https:\/\/yoast.com\/product\/yoast-seo-wordpress\/ -->\n<title>Kontakt - Biuro Doradcy Restrukturyzacyjnego<\/title>\n<meta name=\"robots\" content=\"index, follow, max-snippet:-1, max-image-preview:large, max-video-preview:-1\" \/>\n<link rel=\"canonical\" href=\"https:\/\/syndyk.opole.pl\/?page_id=50\" \/>\n<meta property=\"og:locale\" content=\"en_US\" \/>\n<meta property=\"og:type\" content=\"article\" \/>\n<meta property=\"og:title\" content=\"Kontakt - Biuro Doradcy Restrukturyzacyjnego\" \/>\n<meta property=\"og:description\" content=\"Masz pytania dotycz\u0105ce restrukturyzacji, upad\u0142o\u015bci lub og\u0142osze\u0144 sprzeda\u017cy prowadzonych post\u0119powa\u0144? Skontaktuj si\u0119 z nami \u2014 odpowiemy mo\u017cliwie szybko i podpowiemy, jakie informacje b\u0119d\u0105 potrzebne na start. Dane kontaktowe Biuro doradcy restrukturyzacyjnego \u2013 Opole Adres: ul. \u015awiatowida 2 p.20, 45-325 Opole Marcin Wr\u00f3bel Doradca restrukturyzacyjny E-mail: m.wrobel@syndyk.opole.pl Telefon: 692869248 Zadzwo\u0144 Reinhard Wr\u00f3bel Doradca restrukturyzacyjny Bieg\u0142y s\u0105dowy &hellip; Continue reading &quot;Kontakt&quot;\" \/>\n<meta property=\"og:url\" content=\"https:\/\/syndyk.opole.pl\/?page_id=50\" \/>\n<meta property=\"og:site_name\" content=\"Biuro Doradcy Restrukturyzacyjnego\" \/>\n<meta property=\"article:modified_time\" content=\"2026-02-10T09:44:40+00:00\" \/>\n<meta property=\"og:image\" content=\"https:\/\/syndyk.opole.pl\/wp-content\/uploads\/2026\/02\/Paszport-PL-Legitymacja-szkolna-35x45-mm-233x300.jpg\" \/>\n<meta name=\"twitter:card\" content=\"summary_large_image\" \/>\n<meta name=\"twitter:label1\" content=\"Est. reading time\" \/>\n\t<meta name=\"twitter:data1\" content=\"1 minute\" \/>\n<script type=\"application\/ld+json\" class=\"yoast-schema-graph\">{\"@context\":\"https:\/\/schema.org\",\"@graph\":[{\"@type\":\"WebPage\",\"@id\":\"https:\/\/syndyk.opole.pl\/?page_id=50\",\"url\":\"https:\/\/syndyk.opole.pl\/?page_id=50\",\"name\":\"Kontakt - Biuro Doradcy Restrukturyzacyjnego\",\"isPartOf\":{\"@id\":\"https:\/\/syndyk.opole.pl\/#website\"},\"primaryImageOfPage\":{\"@id\":\"https:\/\/syndyk.opole.pl\/?page_id=50#primaryimage\"},\"image\":{\"@id\":\"https:\/\/syndyk.opole.pl\/?page_id=50#primaryimage\"},\"thumbnailUrl\":\"https:\/\/syndyk.opole.pl\/wp-content\/uploads\/2026\/02\/Paszport-PL-Legitymacja-szkolna-35x45-mm-233x300.jpg\",\"datePublished\":\"2026-02-10T09:42:01+00:00\",\"dateModified\":\"2026-02-10T09:44:40+00:00\",\"breadcrumb\":{\"@id\":\"https:\/\/syndyk.opole.pl\/?page_id=50#breadcrumb\"},\"inLanguage\":\"en-US\",\"potentialAction\":[{\"@type\":\"ReadAction\",\"target\":[\"https:\/\/syndyk.opole.pl\/?page_id=50\"]}]},{\"@type\":\"ImageObject\",\"inLanguage\":\"en-US\",\"@id\":\"https:\/\/syndyk.opole.pl\/?page_id=50#primaryimage\",\"url\":\"https:\/\/syndyk.opole.pl\/wp-content\/uploads\/2026\/02\/Paszport-PL-Legitymacja-szkolna-35x45-mm.jpg\",\"contentUrl\":\"https:\/\/syndyk.opole.pl\/wp-content\/uploads\/2026\/02\/Paszport-PL-Legitymacja-szkolna-35x45-mm.jpg\",\"width\":811,\"height\":1043},{\"@type\":\"BreadcrumbList\",\"@id\":\"https:\/\/syndyk.opole.pl\/?page_id=50#breadcrumb\",\"itemListElement\":[{\"@type\":\"ListItem\",\"position\":1,\"name\":\"Home\",\"item\":\"https:\/\/syndyk.opole.pl\/\"},{\"@type\":\"ListItem\",\"position\":2,\"name\":\"Kontakt\"}]},{\"@type\":\"WebSite\",\"@id\":\"https:\/\/syndyk.opole.pl\/#website\",\"url\":\"https:\/\/syndyk.opole.pl\/\",\"name\":\"Biuro Doradcy Restrukturyzacyjnego\",\"description\":\"Biuro Doradcy Restrukturyzacyjnego Reinharda oraz Marcina Wr\u00f3bel\",\"publisher\":{\"@id\":\"https:\/\/syndyk.opole.pl\/#organization\"},\"potentialAction\":[{\"@type\":\"SearchAction\",\"target\":{\"@type\":\"EntryPoint\",\"urlTemplate\":\"https:\/\/syndyk.opole.pl\/?s={search_term_string}\"},\"query-input\":{\"@type\":\"PropertyValueSpecification\",\"valueRequired\":true,\"valueName\":\"search_term_string\"}}],\"inLanguage\":\"en-US\"},{\"@type\":\"Organization\",\"@id\":\"https:\/\/syndyk.opole.pl\/#organization\",\"name\":\"Biuro Doradcy Restrukturyzacyjnego\",\"url\":\"https:\/\/syndyk.opole.pl\/\",\"logo\":{\"@type\":\"ImageObject\",\"inLanguage\":\"en-US\",\"@id\":\"https:\/\/syndyk.opole.pl\/#\/schema\/logo\/image\/\",\"url\":\"https:\/\/syndyk.opole.pl\/wp-content\/uploads\/2026\/02\/3c0cdbb9-8431-458c-80d8-1df7688bf3ea.png\",\"contentUrl\":\"https:\/\/syndyk.opole.pl\/wp-content\/uploads\/2026\/02\/3c0cdbb9-8431-458c-80d8-1df7688bf3ea.png\",\"width\":1536,\"height\":1024,\"caption\":\"Biuro Doradcy Restrukturyzacyjnego\"},\"image\":{\"@id\":\"https:\/\/syndyk.opole.pl\/#\/schema\/logo\/image\/\"}}]}<\/script>\n<!-- \/ Yoast SEO plugin. -->","yoast_head_json":{"title":"Kontakt - Biuro Doradcy Restrukturyzacyjnego","robots":{"index":"index","follow":"follow","max-snippet":"max-snippet:-1","max-image-preview":"max-image-preview:large","max-video-preview":"max-video-preview:-1"},"canonical":"https:\/\/syndyk.opole.pl\/?page_id=50","og_locale":"en_US","og_type":"article","og_title":"Kontakt - Biuro Doradcy Restrukturyzacyjnego","og_description":"Masz pytania dotycz\u0105ce restrukturyzacji, upad\u0142o\u015bci lub og\u0142osze\u0144 sprzeda\u017cy prowadzonych post\u0119powa\u0144? Skontaktuj si\u0119 z nami \u2014 odpowiemy mo\u017cliwie szybko i podpowiemy, jakie informacje b\u0119d\u0105 potrzebne na start. Dane kontaktowe Biuro doradcy restrukturyzacyjnego \u2013 Opole Adres: ul. \u015awiatowida 2 p.20, 45-325 Opole Marcin Wr\u00f3bel Doradca restrukturyzacyjny E-mail: m.wrobel@syndyk.opole.pl Telefon: 692869248 Zadzwo\u0144 Reinhard Wr\u00f3bel Doradca restrukturyzacyjny Bieg\u0142y s\u0105dowy &hellip; Continue reading \"Kontakt\"","og_url":"https:\/\/syndyk.opole.pl\/?page_id=50","og_site_name":"Biuro Doradcy Restrukturyzacyjnego","article_modified_time":"2026-02-10T09:44:40+00:00","og_image":[{"url":"https:\/\/syndyk.opole.pl\/wp-content\/uploads\/2026\/02\/Paszport-PL-Legitymacja-szkolna-35x45-mm-233x300.jpg","type":"","width":"","height":""}],"twitter_card":"summary_large_image","twitter_misc":{"Est. reading time":"1 minute"},"schema":{"@context":"https:\/\/schema.org","@graph":[{"@type":"WebPage","@id":"https:\/\/syndyk.opole.pl\/?page_id=50","url":"https:\/\/syndyk.opole.pl\/?page_id=50","name":"Kontakt - Biuro Doradcy Restrukturyzacyjnego","isPartOf":{"@id":"https:\/\/syndyk.opole.pl\/#website"},"primaryImageOfPage":{"@id":"https:\/\/syndyk.opole.pl\/?page_id=50#primaryimage"},"image":{"@id":"https:\/\/syndyk.opole.pl\/?page_id=50#primaryimage"},"thumbnailUrl":"https:\/\/syndyk.opole.pl\/wp-content\/uploads\/2026\/02\/Paszport-PL-Legitymacja-szkolna-35x45-mm-233x300.jpg","datePublished":"2026-02-10T09:42:01+00:00","dateModified":"2026-02-10T09:44:40+00:00","breadcrumb":{"@id":"https:\/\/syndyk.opole.pl\/?page_id=50#breadcrumb"},"inLanguage":"en-US","potentialAction":[{"@type":"ReadAction","target":["https:\/\/syndyk.opole.pl\/?page_id=50"]}]},{"@type":"ImageObject","inLanguage":"en-US","@id":"https:\/\/syndyk.opole.pl\/?page_id=50#primaryimage","url":"https:\/\/syndyk.opole.pl\/wp-content\/uploads\/2026\/02\/Paszport-PL-Legitymacja-szkolna-35x45-mm.jpg","contentUrl":"https:\/\/syndyk.opole.pl\/wp-content\/uploads\/2026\/02\/Paszport-PL-Legitymacja-szkolna-35x45-mm.jpg","width":811,"height":1043},{"@type":"BreadcrumbList","@id":"https:\/\/syndyk.opole.pl\/?page_id=50#breadcrumb","itemListElement":[{"@type":"ListItem","position":1,"name":"Home","item":"https:\/\/syndyk.opole.pl\/"},{"@type":"ListItem","position":2,"name":"Kontakt"}]},{"@type":"WebSite","@id":"https:\/\/syndyk.opole.pl\/#website","url":"https:\/\/syndyk.opole.pl\/","name":"Biuro Doradcy Restrukturyzacyjnego","description":"Biuro Doradcy Restrukturyzacyjnego Reinharda oraz Marcina Wr\u00f3bel","publisher":{"@id":"https:\/\/syndyk.opole.pl\/#organization"},"potentialAction":[{"@type":"SearchAction","target":{"@type":"EntryPoint","urlTemplate":"https:\/\/syndyk.opole.pl\/?s={search_term_string}"},"query-input":{"@type":"PropertyValueSpecification","valueRequired":true,"valueName":"search_term_string"}}],"inLanguage":"en-US"},{"@type":"Organization","@id":"https:\/\/syndyk.opole.pl\/#organization","name":"Biuro Doradcy Restrukturyzacyjnego","url":"https:\/\/syndyk.opole.pl\/","logo":{"@type":"ImageObject","inLanguage":"en-US","@id":"https:\/\/syndyk.opole.pl\/#\/schema\/logo\/image\/","url":"https:\/\/syndyk.opole.pl\/wp-content\/uploads\/2026\/02\/3c0cdbb9-8431-458c-80d8-1df7688bf3ea.png","contentUrl":"https:\/\/syndyk.opole.pl\/wp-content\/uploads\/2026\/02\/3c0cdbb9-8431-458c-80d8-1df7688bf3ea.png","width":1536,"height":1024,"caption":"Biuro Doradcy Restrukturyzacyjnego"},"image":{"@id":"https:\/\/syndyk.opole.pl\/#\/schema\/logo\/image\/"}}]}},"_links":{"self":[{"href":"https:\/\/syndyk.opole.pl\/index.php?rest_route=\/wp\/v2\/pages\/50","targetHints":{"allow":["GET"]}}],"collection":[{"href":"https:\/\/syndyk.opole.pl\/index.php?rest_route=\/wp\/v2\/pages"}],"about":[{"href":"https:\/\/syndyk.opole.pl\/index.php?rest_route=\/wp\/v2\/types\/page"}],"author":[{"embeddable":true,"href":"https:\/\/syndyk.opole.pl\/index.php?rest_route=\/wp\/v2\/users\/1"}],"replies":[{"embeddable":true,"href":"https:\/\/syndyk.opole.pl\/index.php?rest_route=%2Fwp%2Fv2%2Fcomments&post=50"}],"version-history":[{"count":5,"href":"https:\/\/syndyk.opole.pl\/index.php?rest_route=\/wp\/v2\/pages\/50\/revisions"}],"predecessor-version":[{"id":56,"href":"https:\/\/syndyk.opole.pl\/index.php?rest_route=\/wp\/v2\/pages\/50\/revisions\/56"}],"wp:attachment":[{"href":"https:\/\/syndyk.opole.pl\/index.php?rest_route=%2Fwp%2Fv2%2Fmedia&parent=50"}],"curies":[{"name":"wp","href":"https:\/\/api.w.org\/{rel}","templated":true}]}}